{"id":73,"date":"2023-04-26T21:15:53","date_gmt":"2023-04-26T19:15:53","guid":{"rendered":"https:\/\/herder-grundschule.de\/test\/wordpress\/?page_id=73"},"modified":"2023-08-01T10:36:43","modified_gmt":"2023-08-01T08:36:43","slug":"iserv","status":"publish","type":"page","link":"https:\/\/herder-grundschule.de\/index.php\/iserv\/","title":{"rendered":"IServ"},"content":{"rendered":"\n<h4>Wir nutzen an unserer Schule die Lernplattform <em>IServ<\/em>, die neue M\u00f6glichkeiten der schulischen Kommunikation erm\u00f6glicht. <br>Hier\u00fcber erhalten Sie alle Informationen, Termine und E-Mails. Die Plattform kann dar\u00fcber hinaus auch zur Bereitstellung von Aufgaben und Materialien, aber auch f\u00fcr den Versand von Ergebnissen genutzt werden.<br>Dem p\u00e4dagogischen Personal und allen Sch\u00fclerinnen und Sch\u00fclern ist der Zugang m\u00f6glich.<\/h4>\n\n\n\n<div style=\"height:35px\" aria-hidden=\"true\" class=\"wp-block-spacer\"><\/div>\n\n\n\n<p>Sie erreichen die IServ-Plattform unter folgendem Link:<\/p>\n\n\n\n<p><a href=\"https:\/\/herder-grundschule-edu.de\/iserv\/\">https:\/\/herder-grundschule-edu.de\/iserv\/<\/a><\/p>\n\n\n\n<div style=\"height:35px\" aria-hidden=\"true\" class=\"wp-block-spacer\"><\/div>\n\n\n\n<p>Sie erhalten die Zugangsdaten Ihres Kindes von der jeweiligen Klassenlehrerin\/dem jeweiligen Klassenlehrer.<\/p>\n\n\n\n<p>Die E-Mail-Adresse setzt sich folgenderma\u00dfen zusammen:<\/p>\n\n\n\n<p>vorname.nachname@herder-grundschule-edu.de<\/p>\n","protected":false},"excerpt":{"rendered":"<p>Wir nutzen an unserer Schule die Lernplattform IServ, die neue M\u00f6glichkeiten der schulischen Kommunikation erm\u00f6glicht. Hier\u00fcber erhalten Sie alle Informationen, Termine und E-Mails. Die Plattform kann dar\u00fcber hinaus auch zur [&hellip;]<\/p>\n","protected":false},"author":1,"featured_media":0,"parent":0,"menu_order":0,"comment_status":"closed","ping_status":"closed","template":"","meta":{"_EventAllDay":false,"_EventTimezone":"","_EventStartDate":"","_EventEndDate":"","_EventStartDateUTC":"","_EventEndDateUTC":"","_EventShowMap":false,"_EventShowMapLink":false,"_EventURL":"","_EventCost":"","_EventCostDescription":"","_EventCurrencySymbol":"","_EventCurrencyCode":"","_EventCurrencyPosition":"","_EventDateTimeSeparator":"","_EventTimeRangeSeparator":"","_EventOrganizerID":[],"_EventVenueID":0,"_OrganizerEmail":"","_OrganizerPhone":"","_OrganizerWebsite":"","_VenueAddress":"","_VenueCity":"","_VenueCountry":"","_VenueProvince":"","_VenueZip":"","_VenuePhone":"","_VenueURL":"","_VenueStateProvince":"","_VenueLat":"","_VenueLng":""},"_links":{"self":[{"href":"https:\/\/herder-grundschule.de\/index.php\/wp-json\/wp\/v2\/pages\/73"}],"collection":[{"href":"https:\/\/herder-grundschule.de\/index.php\/wp-json\/wp\/v2\/pages"}],"about":[{"href":"https:\/\/herder-grundschule.de\/index.php\/wp-json\/wp\/v2\/types\/page"}],"author":[{"embeddable":true,"href":"https:\/\/herder-grundschule.de\/index.php\/wp-json\/wp\/v2\/users\/1"}],"replies":[{"embeddable":true,"href":"https:\/\/herder-grundschule.de\/index.php\/wp-json\/wp\/v2\/comments?post=73"}],"version-history":[{"count":5,"href":"https:\/\/herder-grundschule.de\/index.php\/wp-json\/wp\/v2\/pages\/73\/revisions"}],"predecessor-version":[{"id":221,"href":"https:\/\/herder-grundschule.de\/index.php\/wp-json\/wp\/v2\/pages\/73\/revisions\/221"}],"wp:attachment":[{"href":"https:\/\/herder-grundschule.de\/index.php\/wp-json\/wp\/v2\/media?parent=73"}],"curies":[{"name":"wp","href":"https:\/\/api.w.org\/{rel}","templated":true}]}}